1 + 55. Suppose -3*m - 12 = 0, -3*w = -2*w - m - t. What is the remainder when (-1)/(-2) - (-290)/w is divided by 11?
4
Calculate the remainder when 4757 is divided by 244/12*(-18 + 27).
182
Suppose 5*c - 2*a - 97 = 0, 5*c + 0*a - 96 = a. Let h = 18445 - 18182. Calculate the remainder when h is divided by c.
16
Let t(a) = a**3 + 38*a**2 - 128*a - 165. Calculate the remainder when 1968 is divided by t(-41).
8
Let p(z) = z**2 + 10*z + 36. Let y be p(-9). Let s be 14/(-10) + (-4)/(-10). Let r = s + y. Calculate the remainder when 103 is divided by r.
25
Let h = 134 + -73. Suppose 4*g = -s + 13 + 19, -36 = -6*g. Calculate the remainder when h is divided by s.
5
Let y = -22759 + 22816. Calculate the remainder when 734 is divided by y.
50
Let y(j) = j**3 - 24*j**2 + j + 38. Suppose 11*l = 21*l - 240. What is the remainder when 368 is divided by y(l)?
58
Suppose -6*a + 3*a = 25*a - 1400. What is the remainder when 12298 is divided by a?
48
Suppose 20 = 3*p + 4*d, 6*p = 2*p - 5*d + 28. Let n = 32 - p. Calculate the remainder when 77 is divided by n.
17
Let b = -49 + 100. Suppose -9*h + i = -10*h + b, 5*i - 207 = -4*h. Let w = h - 41. Calculate the remainder when 24 is divided by w.
3
Let r be -25 + 29 + -4 + 1. Suppose -4*l + 5*q = -621, -5*l - 2*q + 725 = 2*q. Calculate the remainder when l is divided by r - -2*((-31)/(-2) - -3).
35
Let s be (-8)/((-32)/(-12)) + 345. Let k be 8 + -3*2/3. What is the remainder when 150 is divided by (s/27)/(-2*(-1)/k)?
36
Let l(v) be the first derivative of -2*v**3/3 + 30*v**2 - 25*v + 52. Calculate the remainder when 86 is divided by l(29).
20
Let o = 46747 + -43353. What is the remainder when o is divided by 23?
13
Let j(i) = 455*i - 170. What is the remainder when j(9) is divided by 51?
49
Let w(n) = 180*n**2. Let q be w(1). Suppose q = 4*y + 4*k, 7*k = -2*y + 8*k + 90. Let v = 23 - 11. Calculate the remainder when y is divided by v.
9
Suppose -x = 5*x + 414. Let y = x + 84. Calculate the remainder when 64 is divided by y.
4
Suppose 255448 = -206*y + 1524202. Calculate the remainder when y is divided by 70.
69
Let b(i) = i + 1. Let a(j) = -4*j - 15. Let m(f) = -a(f) - 3*b(f). Calculate the remainder when (-3573)/(-63) - 2/(-7) is divided by m(3).
12
Let m be 11260/(-75) + (-4)/(-30). Let i = m - -168. Suppose 0 = 4*a - 4*y - 264, 2*a + 0*a - 3*y = 134. Calculate the remainder when a is divided by i.
10
Calculate the remainder when (-17510)/(-5) - (-1 - -4)/(3/3) is divided by 125.
124
Suppose -5*s + 3*o = -131, 0*s - 5*s + 2*o = -134. What is the remainder when 389 is divided by s?
25
Let n = -19071 - -19268. Calculate the remainder when 650 is divided by n.
59
Let g(z) = 8*z**3 - 5*z**2 + 57*z - 163. Calculate the remainder when 265 is divided by g(3).
86
Suppose -131 - 37 = -24*o. What is the remainder when (-3)/3 + 96*1 is divided by o?
4
Let g(f) = -1185*f + 7109. Let l be g(6). Suppose -2*i + 30 = 3*t, -2*i + 4*i - 18 = -2*t. What is the remainder when 74 is divided by (2 - l) + t + -2?
9
Let a(w) = 1017*w**2 - 3*w + 3. Calculate the remainder when 5125 is divided by a(-1).
10
Let w = 475 + -695. Let f = 226 + w. Calculate the remainder when 7 is divided by f.
1
Let h(m) = -41*m**2 + 5. Let u be h(5). Let b = -711 - u. What is the remainder when b/2*(-2)/(-3) is divided by 26?
25
Suppose c + 129 = -95. Let n = c + 288. Calculate the remainder when 1215 is divided by n.
63
Let a(r) = 44*r - 421. Let m(q) = q**3 - q**2 - q - 2. Let v = 3 - 0. What is the remainder when a(11) is divided by m(v)?
11
Let d(l) = 29*l**2 + l. Suppose 1 = -i - 0. Calculate the remainder when d(i) is divided by (-34)/(-340) - ((-895)/50 + 3).
13
Let j be (16/5)/(12/690). Let t = -258 + j. What is the remainder when 15/10*t/(-3) is divided by 19?
18
Suppose 0 = 8*i - 2*i + 444. Let s = i - -184. Suppose 4*a - 190 = s. Calculate the remainder when a is divided by 16.
11
Let y(n) = -9 - 5 + 21*n - 2 - 6. Let o(h) = -12*h + 3. What is the remainder when o(-6) is divided by y(2)?
15
What is the remainder when 205 is divided by (-628)/(-26) + (-32)/208?
13
Let y(x) = -5*x**2 + 29*x + 98. Let p be y(-4). Calculate the remainder when -3 - (p + 2/(-2 - -4)) is divided by 24.
22
Suppose 3*c = -5*u + 532, -377*c + 5*u - 194 = -378*c. Calculate the remainder when 8954 is divided by c.
166
Calculate the remainder when 1106 - 1/(1/(-7)) - 4/(-4) is divided by 90.
34
Let k be (-150)/180 + (-2273)/(-6). Suppose 2*f - 396 = -k. What is the remainder when 250 is divided by f?
7
Suppose 461*s = 559*s - 5586. What is the remainder when 1196 is divided by s?
56
Let t(i) = -4*i - 18. Let m be t(-23). Suppose 2*z - m*q + 79*q - 523 = 0, 15 = 5*q. Calculate the remainder when z is divided by 65.
59
Let i = -7835 + 7882. Let p(b) = -b**2 + 8*b + 7. Let z be p(7). Calculate the remainder when i is divided by (-4)/z - (-1062)/42.
22
Suppose 23*x - 5*p = 21*x + 73, -5*x + 270 = 5*p. Calculate the remainder when 265 is divided by x.
20
Suppose 0 = 2*i - 4*i + 4. Let s = 17585 + -17584. What is the remainder when -1 - ((-54)/i)/3 is divided by s?
0
What is the remainder when ((-355992)/(-105) + -3)*(7 + -2) is divided by 14?
11
Suppose 292*r + 865 - 2498 = 703. Calculate the remainder when 8063 is divided by r.
7
Let a(s) = s**2 + 9*s - 13. Suppose -f - 115 = -3*x, -4*f - 156 = -2*x - 2*x. What is the remainder when x is divided by a(-12)?
15
Suppose 0 = s - 4*x - 20, -13*s + 8*s + 62 = -x. Calculate the remainder when (6/9)/((s/(-3))/(-300)) is divided by 18.
14
Let y(c) = -c**3 - 28*c**2 + 188*c - 21. What is the remainder when y(-37) is divided by 18?
16
Let w(i) = -2*i**2 + 42*i + 24. Let q be w(22). Let f = q + 22. Suppose 24 = -f*y + 5*y. What is the remainder when 27 is divided by y?
3
Suppose 153 = 4*t - 103. Suppose -54*r + t = -50*r. Suppose -111 = -3*v + 216. Calculate the remainder when v is divided by r.
13
Suppose -3*y - 24 = -72. Calculate the remainder when 47 is divided by (6 - y) + 5 + 13.
7
Let i be (-27)/(-135) - (-1)/((-5)/(-59)). Suppose 875 = -i*s + 13*s. Calculate the remainder when 64 is divided by s/50 + (-2)/(-4).
10
Calculate the remainder when 1090 is divided by 2454/30 - -2 - 7/(-35).
82
Suppose -4*j - 4*x + 31 = -3*j, 0 = 4*j + 3*x - 59. Suppose -32*l - 8*l = -5*l - 3430. What is the remainder when l is divided by j?
10
Let d(x) = 31*x - 228. Suppose -8*o + 10 = -54. Calculate the remainder when d(o) is divided by 13.
7
Calculate the remainder when 320 is divided by 344/4 - ((-154)/(-14) + -6).
77
Let o(s) = -9*s + 12. Let t be o(-16). Suppose 0 = 3*i - 2*x - t, -9 = 3*x - 6*x. Calculate the remainder when i is divided by 40.
14
Let t(s) = s**3 + 27*s**2 + 148*s - 199. What is the remainder when 3041 is divided by t(-10)?
17
Suppose 9*t + 64 = -23*t. What is the remainder when -24*(t - 34/(-18))*36 is divided by 14?
12
Let m = 1106 - 924. Calculate the remainder when m is divided by (-6 - -5)*-1*47.
41
Let a(x) = x - 1. Let s(b) = -3*b - 6. Let n(z) = -2*a(z) - s(z). Let v be n(-5). Let f(k) = 3*k - 1. What is the remainder when 15 is divided by f(v)?
7
Let i be (6/1)/(15/20). Suppose m = 2*l - 6, i = 2*l + m - 3*m. Calculate the remainder when 3/l + (-5)/50*-5 is divided by 2.
0
Let n = 136 + -117. Let v(p) = p**3 - 11*p**2 + 2*p + 11. Let f = 35 + -24. Calculate the remainder when v(f) is divided by n.
14
Calculate the remainder when 708 is divided by 8 + -1 - (-1 + -3 - 13).
12
Let m(w) = w**2 - 15*w - 31. Suppose -27 - 90 = -2*t + 3*u, -u - 273 = -5*t. Calculate the remainder when t is divided by m(-2).
0
Let k = -44 + 41. Let m be (10/2 + -6)/(1/k). Calculate the remainder when 44 is divided by -34*6/8*(-2)/m.
10
Let i = -802 + 886. What is the remainder when i is divided by 8?
4
Let y(m) = -36*m - 148. Let s(r) = -3*r - 11 - 8 - 2*r - 2. Let k(p) = -20*s(p) + 3*y(p). What is the remainder when 28 is divided by k(-4)?
4
Let l(m) = 7*m**2 - 564*m + 3845. What is the remainder when l(7) is divided by 45?
15
Suppose -5*j = -27*z + 31*z - 4306, -2*j = -4. What is the remainder when z is divided by 108?
102
Let z(x) = -x**3 + 3*x**2 - 2*x + 7. Let g be (-3 - -1)/(-2 + 4). Let w(t) = -16*t + 2. Calculate the remainder when z(-3) is divided by w(g).
13
Calculate the remainder when 23 is divided by 10/4 + 1827/126.
6
Let w = -9913 -